{"id":19478,"date":"2022-12-12T18:53:07","date_gmt":"2022-12-12T17:53:07","guid":{"rendered":"https:\/\/www.coteneige.com\/?page_id=19478"},"modified":"2022-12-12T19:40:16","modified_gmt":"2022-12-12T18:40:16","slug":"retours-livraisons","status":"publish","type":"page","link":"https:\/\/www.coteneige.com\/index.php\/retours-livraisons\/","title":{"rendered":"Retours et Livraison"},"content":{"rendered":"\t\t<div data-elementor-type=\"wp-page\" data-elementor-id=\"19478\" class=\"elementor elementor-19478\">\n\t\t\t\t\t\t\t\t\t<section class=\"elementor-section elementor-top-section elementor-element elementor-element-0bb75d8 elementor-section-boxed elementor-section-height-default elementor-section-height-default\" data-id=\"0bb75d8\" data-element_type=\"section\">\n\t\t\t\t\t\t<div class=\"elementor-container elementor-column-gap-default\">\n\t\t\t\t\t<div class=\"elementor-column elementor-col-100 elementor-top-column elementor-element elementor-element-434ca17\" data-id=\"434ca17\" data-element_type=\"column\">\n\t\t\t<div class=\"elementor-widget-wrap elementor-element-populated\">\n\t\t\t\t\t\t\t\t<div class=\"elementor-element elementor-element-c49d585 elementor-widget elementor-widget-text-editor\" data-id=\"c49d585\" data-element_type=\"widget\" data-widget_type=\"text-editor.default\">\n\t\t\t\t<div class=\"elementor-widget-container\">\n\t\t\t<style>\/*! elementor - v3.9.1 - 14-12-2022 *\/\n.elementor-widget-text-editor.elementor-drop-cap-view-stacked .elementor-drop-cap{background-color:#818a91;color:#fff}.elementor-widget-text-editor.elementor-drop-cap-view-framed .elementor-drop-cap{color:#818a91;border:3px solid;background-color:transparent}.elementor-widget-text-editor:not(.elementor-drop-cap-view-default) .elementor-drop-cap{margin-top:8px}.elementor-widget-text-editor:not(.elementor-drop-cap-view-default) .elementor-drop-cap-letter{width:1em;height:1em}.elementor-widget-text-editor .elementor-drop-cap{float:left;text-align:center;line-height:1;font-size:50px}.elementor-widget-text-editor .elementor-drop-cap-letter{display:inline-block}<\/style>\t\t\t\t<h4><span lang=\"EN-CA\">Retours et \u00e9changes:<\/span><\/h4>\t\t\t\t\t\t<\/div>\n\t\t\t\t<\/div>\n\t\t\t\t<div class=\"elementor-element elementor-element-fe53f56 elementor-widget elementor-widget-text-editor\" data-id=\"fe53f56\" data-element_type=\"widget\" data-widget_type=\"text-editor.default\">\n\t\t\t\t<div class=\"elementor-widget-container\">\n\t\t\t\t\t\t\t<p><span style=\"letter-spacing: 0px;\">Nous n&rsquo;acceptons pas les retours et les \u00e9changes.\u00a0<\/span><\/p><p><span lang=\"EN-CA\"><strong><span style=\"color: #161616;\">Note :<\/span><\/strong>\u00a0\u00a0<span style=\"color: #f50000;\">Nous ne\u00a0livrons que sur la\u00a0commune de\u00a0Courchevel, toute autre demande\u00a0d&rsquo;exp\u00e9dition devra\u00a0se faire sur devis.<\/span><\/span><\/p>\t\t\t\t\t\t<\/div>\n\t\t\t\t<\/div>\n\t\t\t\t<div class=\"elementor-element elementor-element-7bb5469 elementor-widget elementor-widget-text-editor\" data-id=\"7bb5469\" data-element_type=\"widget\" data-widget_type=\"text-editor.default\">\n\t\t\t\t<div class=\"elementor-widget-container\">\n\t\t\t\t\t\t\t<h4>Livraison \u00e0 Courchevel :<\/h4>\t\t\t\t\t\t<\/div>\n\t\t\t\t<\/div>\n\t\t\t\t<div class=\"elementor-element elementor-element-2c09312 elementor-widget elementor-widget-text-editor\" data-id=\"2c09312\" data-element_type=\"widget\" data-widget_type=\"text-editor.default\">\n\t\t\t\t<div class=\"elementor-widget-container\">\n\t\t\t\t\t\t\t<p>Nous n&rsquo;acceptions que les livraisons \u00e0 Courchevel pour le moment.\u00a0<\/p>\t\t\t\t\t\t<\/div>\n\t\t\t\t<\/div>\n\t\t\t\t<div class=\"elementor-element elementor-element-963ad8a elementor-widget elementor-widget-text-editor\" data-id=\"963ad8a\" data-element_type=\"widget\" data-widget_type=\"text-editor.default\">\n\t\t\t\t<div class=\"elementor-widget-container\">\n\t\t\t\t\t\t\t<table style=\"height: 370px;\" width=\"240\">\n<thead>\n<tr>\n<th>OPTIONS DE LIVRAISON<\/th>\n<th>D\u00e9lais de livraison<\/th>\n<th>Prix<\/th>\n<\/tr>\n<\/thead>\n<tbody>\n<tr>\n<td>Commande de moins de 150\u20ac<\/td>\n<td>24 \u00e0 48h<\/td>\n<td>30\u20ac<\/td>\n<\/tr>\n<tr>\n<td>Commande \u00e0 partir de 150\u20ac<\/td>\n<td>24 \u00e0 48h<\/td>\n<td>0\u20ac<\/td>\n<\/tr>\n<tr>\n<td>Exp\u00e9dition en France et \u00e0 l&rsquo;\u00e9tranger<\/td>\n<td>Sur devis<\/td>\n<td>Sur devis<\/td>\n<\/tr>\n<\/tbody>\n<\/table>\t\t\t\t\t\t<\/div>\n\t\t\t\t<\/div>\n\t\t\t\t<div class=\"elementor-element elementor-element-855f696 elementor-widget elementor-widget-text-editor\" data-id=\"855f696\" data-element_type=\"widget\" data-widget_type=\"text-editor.default\">\n\t\t\t\t<div class=\"elementor-widget-container\">\n\t\t\t\t\t\t\t<p><span style=\"letter-spacing: 0px;\">Attention : Le d\u00e9lais de\u00a0<\/span>livraison \u00e0 Courchevel est indicatif et peut varier selon les p\u00e9riodes et les conditions m\u00e9t\u00e9orologiques.\u00a0<\/p>\t\t\t\t\t\t<\/div>\n\t\t\t\t<\/div>\n\t\t\t\t\t<\/div>\n\t\t<\/div>\n\t\t\t\t\t\t\t<\/div>\n\t\t<\/section>\n\t\t\t\t\t\t\t<\/div>\n\t\t","protected":false},"excerpt":{"rendered":"<p>Retours et \u00e9changes: Nous n&rsquo;acceptons pas les retours et les \u00e9changes.&nbsp; Note :&nbsp;&nbsp;Nous ne&nbsp;livrons que sur la&nbsp;commune de&nbsp;Courchevel, toute autre demande&nbsp;d&rsquo;exp\u00e9dition devra&nbsp;se faire sur devis. Livraison \u00e0 Courchevel : Nous n&rsquo;acceptions que les livraisons \u00e0 Courchevel pour le moment.&nbsp; OPTIONS DE LIVRAISON D\u00e9lais de livraison Prix Commande de moins de 150\u20ac 24 \u00e0 48h 30\u20ac [&hellip;]<\/p>\n","protected":false},"author":1,"featured_media":18622,"parent":0,"menu_order":0,"comment_status":"closed","ping_status":"closed","template":"","meta":{"jetpack_post_was_ever_published":true,"footnotes":""},"class_list":["post-19478","page","type-page","status-publish","has-post-thumbnail","hentry"],"jetpack_sharing_enabled":true,"jetpack_shortlink":"https:\/\/wp.me\/P9gTnP-54a","_links":{"self":[{"href":"https:\/\/www.coteneige.com\/index.php\/wp-json\/wp\/v2\/pages\/19478"}],"collection":[{"href":"https:\/\/www.coteneige.com\/index.php\/wp-json\/wp\/v2\/pages"}],"about":[{"href":"https:\/\/www.coteneige.com\/index.php\/wp-json\/wp\/v2\/types\/page"}],"author":[{"embeddable":true,"href":"https:\/\/www.coteneige.com\/index.php\/wp-json\/wp\/v2\/users\/1"}],"replies":[{"embeddable":true,"href":"https:\/\/www.coteneige.com\/index.php\/wp-json\/wp\/v2\/comments?post=19478"}],"version-history":[{"count":10,"href":"https:\/\/www.coteneige.com\/index.php\/wp-json\/wp\/v2\/pages\/19478\/revisions"}],"predecessor-version":[{"id":19496,"href":"https:\/\/www.coteneige.com\/index.php\/wp-json\/wp\/v2\/pages\/19478\/revisions\/19496"}],"wp:featuredmedia":[{"embeddable":true,"href":"https:\/\/www.coteneige.com\/index.php\/wp-json\/wp\/v2\/media\/18622"}],"wp:attachment":[{"href":"https:\/\/www.coteneige.com\/index.php\/wp-json\/wp\/v2\/media?parent=19478"}],"curies":[{"name":"wp","href":"https:\/\/api.w.org\/{rel}","templated":true}]}}