{"id":19719,"date":"2022-12-21T11:11:09","date_gmt":"2022-12-21T10:11:09","guid":{"rendered":"https:\/\/www.coteneige.com\/?post_type=product&#038;p=19719"},"modified":"2023-02-02T18:50:08","modified_gmt":"2023-02-02T17:50:08","slug":"bugatti-model-car","status":"publish","type":"product","link":"https:\/\/www.coteneige.com\/index.php\/produit\/bugatti-model-car\/","title":{"rendered":"Model Car"},"content":{"rendered":"<p>Reproduction miniature tr\u00e8s d\u00e9taill\u00e9e de la Bugatti type 57SC Atlantic Coup\u00e9, de 1938, sur le mod\u00e8le de celle de la collection de Ralph Lauren.<\/p>\n<p>Pr\u00e9sent\u00e9e sur un socle, avec une protection en plexiglas. Avec une boite d&#8217;emballage noire.<\/p>\n<p>dimensions : 33,5cm x 15,5cm x h.13,5cm<\/p>\n<p>design : RL Home<\/p>\n","protected":false},"excerpt":{"rendered":"<p>Reproduction miniature tr\u00e8s d\u00e9taill\u00e9e de la Bugatti type 57SC Atlantic Coup\u00e9, de 1938, sur le mod\u00e8le de celle de la collection de Ralph Lauren. Pr\u00e9sent\u00e9e sur un socle, avec une protection en plexiglas. Avec une boite d&#8217;emballage noire. dimensions : 33,5cm x 15,5cm x h.13,5cm design : RL Home<\/p>\n","protected":false},"featured_media":19720,"template":"","meta":{"jetpack_post_was_ever_published":false},"product_cat":[149,155,150,153],"product_tag":[],"class_list":["post-19719","product","type-product","status-publish","has-post-thumbnail","hentry","product_cat-bureau","product_cat-cadeaux","product_cat-deco","product_cat-objet"],"jetpack_sharing_enabled":true,"_links":{"self":[{"href":"https:\/\/www.coteneige.com\/index.php\/wp-json\/wp\/v2\/product\/19719"}],"collection":[{"href":"https:\/\/www.coteneige.com\/index.php\/wp-json\/wp\/v2\/product"}],"about":[{"href":"https:\/\/www.coteneige.com\/index.php\/wp-json\/wp\/v2\/types\/product"}],"wp:featuredmedia":[{"embeddable":true,"href":"https:\/\/www.coteneige.com\/index.php\/wp-json\/wp\/v2\/media\/19720"}],"wp:attachment":[{"href":"https:\/\/www.coteneige.com\/index.php\/wp-json\/wp\/v2\/media?parent=19719"}],"wp:term":[{"taxonomy":"product_cat","embeddable":true,"href":"https:\/\/www.coteneige.com\/index.php\/wp-json\/wp\/v2\/product_cat?post=19719"},{"taxonomy":"product_tag","embeddable":true,"href":"https:\/\/www.coteneige.com\/index.php\/wp-json\/wp\/v2\/product_tag?post=19719"}],"curies":[{"name":"wp","href":"https:\/\/api.w.org\/{rel}","templated":true}]}}