{"id":19732,"date":"2023-01-17T15:40:42","date_gmt":"2023-01-17T14:40:42","guid":{"rendered":"https:\/\/www.coteneige.com\/?post_type=product&#038;p=19732"},"modified":"2023-02-02T18:43:22","modified_gmt":"2023-02-02T17:43:22","slug":"coffret-a-montre","status":"publish","type":"product","link":"https:\/\/www.coteneige.com\/index.php\/produit\/coffret-a-montre\/","title":{"rendered":"Coffret \u00e0 montre"},"content":{"rendered":"<p>Coffret \u00e0 montre confectionn\u00e9 et cousu \u00e0 la main. Finition en cuir mat matelass\u00e9 noir avec une doublure en daim \u00e0 l&rsquo;int\u00e9rieur.<\/p>\n<p>Deux compartiment et espace pour une montre.<\/p>\n<p>Dimensions de la bo\u00eete ferm\u00e9e : 12 x 10 x 7cm<\/p>\n","protected":false},"excerpt":{"rendered":"<p>Coffret \u00e0 montre confectionn\u00e9 et cousu \u00e0 la main. Finition en cuir mat matelass\u00e9 noir avec une doublure en daim \u00e0 l&rsquo;int\u00e9rieur. Deux compartiment et espace pour une montre. Dimensions de la bo\u00eete ferm\u00e9e : 12 x 10 x 7cm<\/p>\n","protected":false},"featured_media":19734,"template":"","meta":{"jetpack_post_was_ever_published":false},"product_cat":[148,155,150],"product_tag":[],"class_list":["post-19732","product","type-product","status-publish","has-post-thumbnail","hentry","product_cat-accessoires","product_cat-cadeaux","product_cat-deco"],"jetpack_sharing_enabled":true,"_links":{"self":[{"href":"https:\/\/www.coteneige.com\/index.php\/wp-json\/wp\/v2\/product\/19732"}],"collection":[{"href":"https:\/\/www.coteneige.com\/index.php\/wp-json\/wp\/v2\/product"}],"about":[{"href":"https:\/\/www.coteneige.com\/index.php\/wp-json\/wp\/v2\/types\/product"}],"wp:featuredmedia":[{"embeddable":true,"href":"https:\/\/www.coteneige.com\/index.php\/wp-json\/wp\/v2\/media\/19734"}],"wp:attachment":[{"href":"https:\/\/www.coteneige.com\/index.php\/wp-json\/wp\/v2\/media?parent=19732"}],"wp:term":[{"taxonomy":"product_cat","embeddable":true,"href":"https:\/\/www.coteneige.com\/index.php\/wp-json\/wp\/v2\/product_cat?post=19732"},{"taxonomy":"product_tag","embeddable":true,"href":"https:\/\/www.coteneige.com\/index.php\/wp-json\/wp\/v2\/product_tag?post=19732"}],"curies":[{"name":"wp","href":"https:\/\/api.w.org\/{rel}","templated":true}]}}